w(u) = -5*u - 6 + 100*u**2 - 98*u**2 + 11*u - u**l. Let p be 1*2/(-2)*-4. What is w(p)?
-14
Let y = 9 - 5. Let d(o) be the first derivative of y*o**2 - 4 + 0 + 0. Calculate d(-1).
-8
Let f(x) be the second derivative of -3*x**8/2240 + x**6/720 - 47*x**4/12 + 23*x. Let m(i) be the third derivative of f(i). Give m(-1).
8
Let p(o) be the third derivative of o**8/20160 - o**7/1008 - 3*o**5/20 - 16*o**2. Let s(y) be the third derivative of p(y). What is s(5)?
0
Let c be -1 + 2 + 10*6/12. Suppose 23*q - 22*q - c = 0. Let u(z) = z**3 - 7*z**2 + 5*z + 5. Give u(q).
-1
Let q(p) be the second derivative of -p**3/6 + 7*p**2/2 - 6*p. Let m be q(3). Let z(r) = 16*r + m + r**2 - 14*r - 7. Determine z(2).
5
Suppose w - 8 = 2*u, -4*w - 23 - 10 = 5*u. Suppose -5*l = -5*s + 35, -2*s + l + 2 = -8. Let y(d) = -s*d - 2 + 2 + 2 + d. Calculate y(w).
6
Let h(l) = -l - 3. Suppose a - 9*a - 272 = 0. Let w = a - -30. What is h(w)?
1
Let b(x) = -5*x**2 - 14*x - 2. Let f be b(-3). Let g(k) = k**3 + 5*k**2 + k + 8. Give g(f).
3
Let n(d) = 2*d**2 - 2*d - 2. Let l be -5 + 4 + (-5)/1. Let q(z) = z**2 + 5*z - 4. Let b be q(l). Give n(b).
2
Let d(x) = -4*x**3 + 12*x**2 - x + 17. Let s(y) = 3*y**3 - 10*y**2 - 15. Let n(v) = 4*d(v) + 5*s(v). Determine n(-3).
14
Let r(w) = 8*w + 2*w**2 - w**2 + 16 - 28 + 16. Determine r(-7).
-3
Let m(n) = -n**2 - n. Suppose 2*r + 3 - 37 = 0. Suppose 3*j = 5 - r. Let u be (-2)/j*0/(-5). What is m(u)?
0
Let i(b) = 7*b**3 + 29*b**2 - 48*b - 22. Let m(y) = 3*y**3 + 15*y**2 - 23*y - 10. Let z(p) = 2*i(p) - 5*m(p). Give z(-18).
-12
Let b(l) = l**3 - 8 - 7 + 15*l**2 - 5 - 9 + 33. Give b(-15).
4
Suppose -21 = 5*a - z, 0 = a + a + 4*z + 26. Let c(i) = -i - 12. Give c(a).
-7
Suppose -5*c = 4*v - 6*c - 9, -c = 5*v. Let r(l) = -31*l**3 - l. Calculate r(v).
-32
Let f(q) be the second derivative of q**3/3 + 11*q**2/2 + q - 5. Calculate f(-6).
-1
Suppose 449*t + 10 = 444*t. Let r(x) = 16*x + 3. Give r(t).
-29
Let n(d) be the first derivative of d**6/60 - d**5/30 + d**4/12 - d**3/6 - 31*d**2/2 - 7. Let h(v) be the second derivative of n(v). Give h(1).
1
Suppose y + 8 = -3*a, a + 17 = -5*y - 23. Let l be (12/(-16) - 0)/(3/y). Let u(q) = 3*q - 1. Calculate u(l).
5
Let v(a) = -a**3 + 12*a**2 - a + 17. Let x be v(12). Suppose -x*r + 3*m - 28 = 0, 3*r + r + m = -19. Let b(p) = -p**2 - 8*p + 3. Calculate b(r).
18
Let k(f) be the second derivative of -f**8/6720 + f**7/630 - f**6/720 + f**4/6 + 3*f. Let m(w) be the third derivative of k(w). What is m(3)?
6
Let q(w) = -w**2 + 9*w + 2 + 2*w - 1 - 9*w. Determine q(3).
-2
Let d(m) be the second derivative of 0 + 1/12*m**4 - 2*m**2 + m + 1/2*m**3. Let q = -19 - -14. Calculate d(q).
6
Let r(k) = 11 + 3*k**2 + 2*k + 3*k**2 - k**3 - k + k**2. Let i be r(7). Suppose i = -3*p + n, -p - 3*n = -n - 1. Let s(f) = f**2 + 6*f + 4. Calculate s(p).
-1
Let h(k) = k + 4. Let f(o) be the second derivative of 3*o**2/2 - 5*o. Let x(y) = 3*f(y) - 2*h(y). What is x(1)?
-1
Let s(b) = 2*b - 4. Let q be (-16)/(-7) - 34/119. Let z be q + 3 + 0/2. Determine s(z).
6
Suppose -4*l = -5*p - 0*l - 23, -3*l = 2*p. Let d(s) be the third derivative of 1/6*s**3 + 1/8*s**4 + 27*s**2 + 0*s + 0. Give d(p).
-8
Let y = -138 - -130. Let f(v) = v**2 + 7 - 1 + 7*v + 9*v - 7*v. What is f(y)?
-2
Let j(n) be the third derivative of -1/12*n**4 - 1/360*n**6 + 0 - 7*n**2 + 0*n + 0*n**3 - 1/60*n**5. Let u(l) be the second derivative of j(l). What is u(-3)?
4
Let q(i) = -4 + i**3 + i - 2*i**2 - 3*i**2 + i**2. Let k be -1 - (-117)/(-15) - 16/80. Let j(f) = -17*f - 150. Let p be j(k). Calculate q(p).
-10
Let o(t) = -t**3 + 12*t**2 + 2*t - 16. Let i(a) = a**2 + 5*a - 72. Let n be i(7). Give o(n).
8
Let i(z) = 4*z**2 - 7*z + 2. Let r(f) = -3*f**2 + 6*f - 2. Let w(c) = -5*i(c) - 6*r(c). Determine w(-5).
-43
Suppose -2 = -2*r + 4. Let d(i) = 4*i**2 + 5*i**2 - r*i - 8*i**2. Determine d(3).
0
Let r(l) = -2*l + 11. Let f be r(5). Suppose 4*o - 4 = 5*t, 2*t + f = o - 3*t. Let d(m) = 2 - o + 2 + m**2 + 3*m. What is d(-4)?
7
Let u(v) = v**2 + 5*v - 1. Suppose 0 = -3*l + n - 10, 2*n + 2*n = 4*l + 8. Determine u(l).
-5
Let m(q) = q**2 + 3*q - 7. Suppose -12*u + 17*u = 5. Suppose -5*j - s = 35, 45 = 3*j - 8*j + s. Let r be j + 3 + (u - 1). What is m(r)?
3
Let c(h) be the second derivative of -h**7/2520 - h**6/180 - h**5/40 + 5*h**4/6 - 8*h. Let o(v) be the third derivative of c(v). Give o(-3).
0
Suppose -878*m + 875*m = -12. Let i(p) = p**2 - p - 6. Determine i(m).
6
Let f(i) be the first derivative of i**5/60 - 5*i**4/24 + i**3/6 - i**2/2 - 14. Let v(r) be the second derivative of f(r). Calculate v(3).
-5
Let j = -3 + -3. Let a(z) = -z**3 - 6*z**2 - 9*z - 7. What is a(j)?
47
Let s(c) be the first derivative of c**2 - 2*c - 7. Suppose -4*b = -7 + 31. Determine s(b).
-14
Let r(q) be the third derivative of -q**4/12 - 3*q**3/2 + q**2 + 19. Let i be 38/(-6) - (-4)/(-6). Give r(i).
5
Let s be ((-14)/(-3))/((-12)/(-18)). Let q = 16 - s. Let h(b) = 13 - b**2 + 0*b**2 + 4*b - q. What is h(4)?
4
Suppose -48*c + 59*c + 66 = 0. Let m be ((-8)/6)/(6/(-27)). Let h(y) = 4 - m*y**2 + 4 - y**3 - 3*y + 5*y. Determine h(c).
-4
Suppose -8*t = -4*t + 24. Let r(q) be the third derivative of -q**7/5040 - q**5/60 + 3*q**2. Let l(c) be the third derivative of r(c). Give l(t).
6
Let g(s) = -s**3 - 9*s**2 - 9*s - 3. Suppose -4*n = 38 - 6. Let o be g(n). Let f(t) = -o - 3*t + 5*t - 3*t. What is f(0)?
-5
Let n(q) = -5*q + 7. Let r(z) = 14*z - 20. Let k(y) = -17*n(y) - 6*r(y). Let u be k(6). Let j(g) = g - 7. Give j(u).
0
Let g(u) be the third derivative of u**6/120 - u**5/60 - u**3/3 + u**2 - 3. Determine g(2).
2
Suppose 53*s - 7*s = 184. Let i(a) = 4*a**2 - 2*a + 3. Determine i(s).
59
Let s(z) = 1. Let h(i) = -2*i + 4. Let o(k) = h(k) + 3*s(k). Let r(w) = -w + 20. Let g be r(14). Calculate o(g).
-5
Let d(l) be the third derivative of -l**5/60 + 5*l**4/24 + 13*l**3/3 + 7*l**2 + 5*l. Determine d(8).
2
Let p = 491 - 489. Let v(x) = x**3 - 2*x**2 + 2*x. Determine v(p).
4
Let h(l) be the second derivative of l**6/144 + l**5/120 + l**4 - 37*l. Let d(s) be the third derivative of h(s). What is d(1)?
6
Let m be (-130 - -129)*8/(-6). Let i(t) be the first derivative of 5*t + 3 - m*t**3 - 1/4*t**4 + 7/2*t**2. What is i(-5)?
-5
Suppose j - 25 = 4*y, -10*j + 12*j = -4*y - 10. Let h(a) = 4*a + 16. Calculate h(y).
-4
Suppose -2*w + 3*w = -6. Let v(o) be the first derivative of o**4/4 + 5*o**3/3 - 7*o**2/2 - 4*o - 100. Give v(w).
2
Let a(c) = -15*c**2 - 12*c - 48. Let r(z) = 7*z**2 + 6*z + 22. Let j(p) = 6*a(p) + 13*r(p). What is j(-5)?
-7
Let k(x) be the third derivative of -7*x**4/3 - x**3/3 + 6*x**2. Calculate k(-1).
54
Let l(o) = 14*o - 2. Let b(y) = y**3 - 18*y**2 - 8*y + 146. Let f be b(18). Determine l(f).
26
Let s(h) be the second derivative of h**5/20 + 5*h**4/12 - 7*h**3/6 - 2*h**2 - 8*h. Let f = -12 + 6. Let d be s(f). Let w(j) = -j**2 + 2*j. Give w(d).
0
Suppose -2*g + 5 - 1 = 0. Let k(r) = 2 + 0*r - 9*r**g + 7*r**2 + 3*r. Give k(3).
-7
Let b(t) = t**3 + 4*t**2 - 6*t - 4. Suppose 22 = -4*q - f, 5*q + 5*f = 6*f - 23. What is b(q)?
1
Let t be 54/36*26*1. Suppose t*j = 44*j + 25. Let i(d) = d**2 + 5*d + 2. Let b(o) = -2*o**2 - 10*o - 4. Let q(g) = -6*b(g) - 13*i(g). What is q(j)?
-2
Let s(c) = c**3 + 4*c**2 - 8*c - 8. Let j be s(-5). Suppose 4*h + x + j = 0, -h + x - 10 = 4*x. Let v(a) = 0*a + 2*a - 7*a. What is v(h)?
5
Let x be (3 - 8) + (-32)/12*-3. Let w(t) = 7*t + 2. Determine w(x).
23
Let j(f) = f - 1. Suppose -2*k - 10 = -3*n, 19*n = 17*n - 3*k + 11. Give j(n).
3
Suppose -2*c = -5*t + 24, 1 = 3*c + 7. Suppose 3*v - 2*r = 3*r - 19, 5*r = t*v + 17. Let i(n) = n - 3. Calculate i(v).
-1
Let x(j) be the third derivative of -j**5/60 - 3*j**4/4 + 23*j**3/6 + 2*j**2 + 10. Calculate x(-19).
4
Let f(c) = c**3 - 8*c**2 - c + 4. Let n be f(8). Let x(o) = -o**3 - 4*o**2 + 4*o. Determine x(n).
-16
Let d(x) be the second derivative of -x**5/20 - 5*x**4/12 + x**3/3 + 1991*x. Let y = -10 - -7. Determine d(y).
-24
Suppose -6 - 8 = -2*n. Let z(x) = -n*x - 15 - 2*x + 8*x. Determine z(-7).
-8
Let w(n) = n**3 - n**2 - 34*n + 17. Let k be w(6). Let c(u) = -u**2 - 10*u. Give c(k).
21
Let p(m) be the third derivative of 0 + 0*m + 1/12*m**4 - 23*m**2 + 1/6*m**3. Give p(3).
7
Let j(o) = -o**3 - 5*o**2 - 3*o - 4. Suppose 8*r + 14 = 9*r.